Let o be 4/18 + y/18. Suppose -40 = -5*s + s. Calculate the highest common divisor of o and s.
10
Let p = -466 + 797. Let o = p - 147. Let a(c) = -12*c - 1. Let g be a(-2). What is the greatest common factor of o and g?
23
Let w = 78 - 141. Let f = w + 125. Suppose 0 = 5*j - f + 12. Calculate the highest common factor of j and 10.
10
Suppose -3*n + n + 10 = 0, 0 = -5*o - 4*n + 30. Suppose 50 = w - 5*d, o*w = -3*d - 40 + 192. What is the highest common divisor of 14 and w?
14
Let x = 11 - -17. Let y = 93 + -23. Calculate the highest common factor of y and x.
14
Let k(w) = -w**3 + 2*w - 1. Let v be k(1). Suppose -g + 5*x + 26 = 0, 0 = 2*g + 3*x - v*x. Calculate the highest common divisor of g and 66.
6
Suppose -5*v + 3 = -12. Suppose -4*w = -3*w, v*m = -5*w. Suppose -3 = -2*l - s, m = l + 5*s + 13 - 1. Calculate the highest common divisor of 18 and l.
3
Suppose 0*f + 2*d = -2*f + 184, 271 = 3*f - 2*d. Calculate the greatest common factor of f and 13.
13
Let q be (60/18)/(82/78 + -1). What is the highest common factor of q and 5?
5
Let c = -42 + 59. Calculate the highest common factor of 136 and c.
17
Let w(a) = a**2 - 6*a + 5. Let p be w(10). Let v be 98/(-8) + 1/4. Let j = p + v. Calculate the highest common divisor of j and 3.
3
Suppose -4*o - 101 = 5*d, -3*o - 5*d = -6*o - 102. Let u be ((-4)/5)/((-2)/65). Let p = u - o. What is the highest common divisor of 22 and p?
11
Let y(o) = -o**3 + 6*o**2 + 2*o - 2. Let l be y(6). Suppose l = d - 100. Let x = 9 - -2. What is the greatest common factor of x and d?
11
Let u be 4/(-14) + (-185)/(-35). Suppose u*r - 82 = 3. What is the highest common factor of 170 and r?
17
Let f = 118 + -70. What is the greatest common factor of f and 6?
6
Let c = -43 - -45. Calculate the highest common divisor of 22 and c.
2
Let u = -8 - -16. Suppose 4*w - 12 = 0, -2*h + 3*w = -w - u. What is the highest common factor of h and 110?
10
Suppose g + g + 364 = 5*t, 4*g = -3*t + 208. Let q be t/15*30/4. What is the highest common divisor of 12 and q?
12
Suppose 4*k + k = -20. Let h be k/6 + (-42)/(-9). Let z be (10/h)/(2/16). What is the highest common divisor of z and 5?
5
Let h(c) = c**3 - 16*c**2 - 17*c + 22. Let r be h(17). Suppose r*t + 8 = 26*t. What is the highest common factor of 8 and t?
2
Suppose -5*g - n + 648 = 0, 2*n = 4*g - 0*g - 524. Let i = -91 + g. Calculate the greatest common factor of 26 and i.
13
Let p = -5 + 2. Let l be (p/3*-26)/2. Calculate the greatest common factor of 26 and l.
13
Let v = -102 - -147. What is the greatest common factor of v and 30?
15
Suppose 2*v - 8 = 28. Let k = 228 - 138. Calculate the highest common factor of k and v.
18
Suppose 5*q - 6 - 9 = 0. Let a = -5 + q. Let j be ((-30)/(-4))/(a/(-4)). What is the greatest common factor of 75 and j?
15
Let j = 248 - 18. Suppose 8 = 3*s - 5*z - 13, 12 = -4*z. Suppose 3*o = -s*w + 40, -4*w + 2*o = 4*o - 88. What is the highest common factor of w and j?
23
Suppose -8 = j + 5*y, 2*j + 0 - 24 = -2*y. Calculate the greatest common factor of 68 and j.
17
Let i = 3 + -1. Suppose -5*n - 60 = -5*p, 24 = 5*p + 2*n + i*n. Suppose -2*z + z = -20. What is the highest common factor of z and p?
4
Let y be ((-62)/4)/((-2)/(-8)). Let f = 119 + y. What is the highest common divisor of 19 and f?
19
Suppose -4*h - 2*s = -86, -1 + 6 = h - 5*s. Let w = -14 + h. What is the greatest common factor of w and 3?
3
Let s = 2 + 0. Suppose 2*h + j = 3*j + 134, -s*h = 5*j - 155. Suppose 4*y = 2*y + 28. What is the highest common divisor of y and h?
14
Let r(s) = s**3 + 20*s**2 + 18*s - 4. Let c be r(-19). Calculate the greatest common divisor of c and 165.
15
Suppose 3*q = q + 16. Let j(f) = f**2 + 7*f - 42. Let b be j(-14). What is the highest common factor of q and b?
8
Let y be (6/((-60)/85))/((-2)/8). Let b be -2 + 2 + 0 + 85. Calculate the greatest common factor of b and y.
17
Let z be (-1 - (0 + 0)) + (-1 - -11). What is the greatest common divisor of 144 and z?
9
Let x(j) = 2*j**2 - 28*j + 9. Let d be x(14). Calculate the greatest common divisor of d and 27.
9
Let f(d) = d**3 + 5*d**2 + 2. Let s be f(-5). Let o(k) = -k**2 - 9*k + 5. Let c be o(-10). Let i = s - c. What is the greatest common divisor of 49 and i?
7
Let w(s) = 3*s**2 + 7*s - 11. Let c be w(-6). What is the greatest common factor of c and 11?
11
Let s be ((-48)/15)/(0 - 6/45). Let v = 7 + -4. What is the greatest common divisor of v and s?
3
Let d(b) = -b**3 - 35*b**2 - 34*b + 7. Let j be d(-34). Let x be 2*(2/(-4) + 1). Let v = x + 13. Calculate the greatest common factor of j and v.
7
Let q(r) = -2*r + 3. Let o be q(-4). Suppose -2*v + 26 = -62. What is the highest common factor of o and v?
11
Let b(x) = -2*x**3 - 6*x**2 + 8*x + 3. Let v be b(-5). What is the greatest common factor of 9 and v?
9
Let n(l) = l**3 - 8*l**2 - 5*l - 7. Let p be n(9). Calculate the greatest common factor of 145 and p.
29
Let q(p) = 7*p - 32. Let b be q(6). What is the highest common factor of 6 and b?
2
Let t(x) = -14*x + 1. Let k be t(-16). What is the greatest common factor of 25 and k?
25
Suppose -4*p + 5*n = 21, 8*p = 3*p - n + 10. Let t be (-2 - p) + 15*1. What is the greatest common factor of t and 18?
6
Suppose 3*k - 1120 - 296 = 0. Suppose 3*b = -2*b + 1260. Let t = k - b. Calculate the highest common factor of 20 and t.
20
Let g be 2/(-9) - (-840)/(-27)*-2. What is the greatest common divisor of 155 and g?
31
Let w = -11 + 13. Calculate the highest common factor of 1 and w.
1
Let p(n) = -n**3 - 8*n**2 + 8. Let y be p(-8). Let k be (4 + 11)*y/5. Calculate the highest common factor of k and 16.
8
Let r be 3/3*(-1)/1. Let k be (-19 + r)*(-26)/8. What is the greatest common divisor of k and 26?
13
Suppose 4*g - 44 = 4*d, -2*g = 3*g - 3*d - 55. Let y = 1 + -1. Suppose y = 4*i - 2 - 174. What is the highest common factor of g and i?
11
Let p(a) = a**2 + 2*a + 1. Let g be p(-2). Let x = 9 - 5. What is the highest common factor of g and x?
1
Suppose -d = 2*d. Let h be (d + 50)*(-2)/(-2). Suppose 2*s - 15 = -a + 7, a + 4*s - 24 = 0. What is the highest common factor of a and h?
10
Let j be ((-1520)/12)/(-5) - (-2)/(-6). Calculate the highest common factor of 15 and j.
5
Let l = -7 - -23. Calculate the greatest common divisor of 144 and l.
16
Suppose -s + 6*s - 25 = 0, -5*s = 3*y - 22. Let k be y + 3 + 36/4. What is the greatest common divisor of k and 22?
11
Let k be 70 - (1 - (0 + 1)). Suppose 0 = -7*h + 9*h - 20. Calculate the highest common divisor of h and k.
10
Suppose 2*z = -z + 2*t + 296, 0 = z + 2*t - 104. Suppose 8*j - z = 3*j. Calculate the highest common divisor of j and 4.
4
Let k be 5*66/5*8/3. What is the greatest common factor of k and 16?
16
Suppose 0*u + 4 = -u, -4*u = -5*v + 36. What is the highest common factor of 2 and v?
2
Suppose -y = 4*y + 10. Let w be 22 + (-1 + y - -3). What is the greatest common divisor of w and 198?
22
Let o = -18 - -40. Let v be 240*1 + (0 - -2). What is the highest common divisor of o and v?
22
Let j be (-2)/(-6) + 2/3. Let g be 2 - 2 - (j - 6). Suppose 3*b + 5*i = i + 177, 4*b + 3*i - 229 = 0. What is the highest common factor of b and g?
5
Suppose -u - 3*j = -99, -2*u + 3*u = 4*j + 64. What is the highest common factor of 14 and u?
14
Let k(c) = c**3 - 5*c**2 - 7*c + 6. Let t be k(6). Suppose t = -0*w + 2*w - 114. What is the highest common divisor of 19 and w?
19
Suppose -698 = -22*n + 512. Let l be (-1)/(3 + -2) - -12. Calculate the greatest common factor of l and n.
11
Suppose 0*b - 15 = -3*b. Let u(y) be the first derivative of 11*y**2/2 - 7*y + 1. Let d be u(b). Calculate the highest common divisor of 12 and d.
12
Suppose 27 = -t + 2*t - 3*n, 5 = -n. Suppose -3*w = -7*w + t. Let m be -85*(3/w + -2). What is the greatest common divisor of m and 34?
17
Let l be 0 + (-177)/(-12) + 14/56. What is the greatest common factor of 10 and l?
5
Let z(u) = -5*u**2 + u - 1. Let b(l) = -10*l**2 + 2*l - 2. Let n(j) = 4*b(j) - 9*z(j). Let c be n(-6). What is the greatest common factor of c and 17?
17
Let o(i) = 11*i + 2. Let c(d) = -2*d - 6. Let t be c(-7). Let r be o(t). What is the greatest common divisor of r and 18?
18
Let k = 247 + -142. Calculate the highest common factor of k and 21.
21
Let n = 44 + -11. Suppose 2*i + 7 - n = 0. Let q(o) = 28*o + 3. Let p be q(5). What i